/24). Suppose 4*z + 16 = -4*g - 8, -m = 2*z - 5*g. Let v be -3*4/(-6)*z/4. Determine w(v).
-2
Let n(l) = l - 3*l**2 + 5 - 4 + 7949*l**3 - 7951*l**3. Let r(y) = y**3 + 2*y**2 - 11*y - 10. Let f be r(-4). Determine n(f).
-25
Let z(f) = 14*f - 3. Let p be z(2). Let l = -17 + p. Suppose -6*g - l = -14. Let c(a) = -9*a - 1. Calculate c(g).
-10
Let n(f) = f**3 - 9*f**2 + 8*f - 12. Let v(u) = -u**2 + 4*u**2 + 2 - 11*u + u**3 - 4 + 5 + 0. Let j be v(-5). What is n(j)?
-12
Let m(c) = c**3 + c**2 - 13*c - 5. Let f(u) = -u**3 + 139*u**2 + 140*u - 5. Let q be f(140). Give m(q).
-40
Let l(d) = d**2 + 3*d + 4. Let a be l(-5). Let k(m) = m - 1721. Let g(h) = 6*h - 9190. Let i(c) = 3*g(c) - 16*k(c). Give i(a).
-6
Let f(z) = -13*z - 1. Let m(k) = k - 5. Let u(l) = -4*l + 14. Let p(o) = 17*m(o) + 6*u(o). Let y(b) = 4*f(b) - 7*p(b). What is y(5)?
-12
Let o be 4/((-64)/68) + (-4)/(-16). Let g(t) = -34*t + 13. Let f(r) = 19*r - 7. Let x(u) = o*g(u) - 7*f(u). Determine x(4).
9
Let c(m) = 9*m**3 + 2*m**2 + 4*m + 3. Let q = 15797 + -15798. What is c(q)?
-8
Let a(b) = b**2 + 9*b. Let x(u) = 168*u + 3 - 507*u - 2 + u**2 + 167*u + 182*u. Let d(m) = -4*a(m) + 3*x(m). Calculate d(-7).
-4
Let s(h) = -6*h + h + 1 - 4149*h**2 + 4148*h**2. Calculate s(0).
1
Let q(v) = 7*v**2 - 78*v + 20. Let n = -476 - -487. Calculate q(n).
9
Let x(k) be the second derivative of 3*k**5/5 + k**4/6 - k**2/2 + 66*k - 10. Determine x(1).
13
Let q = 1557 + -1528. Let t(s) = 11*s + q*s + 5 - 37*s - 5. Let a(u) = u - 2. Let z be a(5). Give t(z).
9
Let m(o) = -5 + 615*o + 10 - 610*o. Let k(q) = -4*q + 2. Let w be k(1). Give m(w).
-5
Suppose -88 = 31*r - 48 + 115. Let d(a) = 5*a**3 - 6*a**2 - 10*a - 2. Let t(z) = -6*z**3 + 6*z**2 + 11*z + 3. Let l(u) = -7*d(u) - 6*t(u). Calculate l(r).
1
Suppose 0 = -308*i + 317*i + 468. Let t be -1*9*i/78. Let m(s) = -3*s + 12. Give m(t).
-6
Let y(i) = -4*i + 23. Suppose -4*m + 3*m + 7 = 3*a, -2*m - a = -14. What is y(m)?
-5
Let k(c) = 5*c + 1. Let o(s) = 2*s**3 + 4*s**2 - s - 8. Let l be o(-2). Let h(r) = -3*r - 2. Let x(t) = l*h(t) - 4*k(t). What is x(9)?
-10
Let h(f) = -f - 567*f**3 - 30 - 21*f + 192*f**3 + 189*f**3 + 185*f**3 - 11*f**2. Give h(-9).
6
Let q = 34103 - 34087. Let g(x) = -x**3 + 15*x**2 + 18*x - 25. Determine g(q).
7
Let c(j) = 9 + 16 - 8*j + 11 + 31. Calculate c(9).
-5
Let n(v) be the first derivative of 6*v + 153 + v**3 - 19/2*v**2. Calculate n(6).
0
Let s(r) = -4*r**2 + 31*r - 37. Let k(g) = 12*g - 3*g**2 - g - 25 + 10*g. Suppose -175 = -52*z + 27*z. Let u(n) = z*k(n) - 5*s(n). What is u(-9)?
1
Let t(n) = -24*n**3 - n**2 + 4*n - 2. Let h be t(2). Let s = -195 - h. Let k(o) = -o**2 - 7*o - 6. Determine k(s).
4
Let g = 43 + -24. Suppose 5*w - g + 14 = 0. Let c(u) be the third derivative of 5*u**4/24 + u**2. What is c(w)?
5
Let g(p) = -2*p**2 - 55532 + 111092 + 12*p**2 - 55477 - p**3 - 29*p + 17*p**2. What is g(26)?
5
Let p(r) = -r**3 + r**2 - 3*r + 1. Let m(k) = 3*k**3 - k**2 + 7*k - 3. Let u(y) = 2*m(y) + 5*p(y). Let d(f) = 1007*f + 34236. Let i be d(-34). Calculate u(i).
5
Let u(o) = -34 + o**3 + 37 - 2*o**3 - 13*o**2 + 9*o. Let m(g) = -g**3 - 14*g**2 + 8*g + 2. Let j(q) = -3*m(q) + 4*u(q). Let b = 205 + -216. Determine j(b).
-5
Let n(t) = 32 + 64*t**2 + 16*t - 11 - 57*t**2 - t**3. Let p be n(9). Let i(s) = 2*s**2 + s - 4. What is i(p)?
17
Let v(s) be the third derivative of s**5/60 + 5*s**4/12 + 4*s**3 + 9*s**2. Let i be v(-7). Let m(u) = u + 1. Calculate m(i).
4
Let i(s) = 2*s**2 - 18*s + 7. Suppose -6*l + 3*l + 12 = 5*a, 0 = -3*l - 3*a + 18. Let m be i(l). Let q(k) = 3 - m - 6*k + 3. Determine q(1).
-7
Let k be (-8260)/354*3/(-2). Let j(p) = -p**2 + 34*p + 33. Give j(k).
-2
Let d(c) be the first derivative of -c**4/4 - 16*c**3/3 + 17*c**2 - 37*c - 4474. Give d(-18).
-1
Let i(f) = -f**2 - 2*f + 8. Suppose 0 = 61*j + 42*j - 35*j + 272. Calculate i(j).
0
Let u(o) be the third derivative of -o**4/12 - o**3/3 - 4*o**2. Suppose -4*x = -3*h + 11, 0*x + 11 = h - 5*x. What is u(h)?
-4
Suppose 28 = 2*k - 3*y, -5*k - 2*y - 14 = -4*k. Let v(n) = n**2 - 25*n + 41. Determine v(k).
-5
Let x(f) be the third derivative of -7*f**4/24 + f**3/6 + f**2. Let t be (36/(-21))/(19/7 - 3). Let n be (1 + 5)*t/36. Calculate x(n).
-6
Let v(k) = 2*k**2 + 13*k + 1. Let a(m) = -m**2 - 25*m. Let d(c) = c**2. Let b(l) = -a(l) + 2*d(l). Let o(q) = -3*b(q) + 5*v(q). Calculate o(9).
-4
Let r(l) = l + 5 - 13*l + 2*l + 3*l**2 - 2*l - 3*l. Determine r(5).
5
Let m(l) = -23*l**3 + 5*l**2 - 8*l + 33. Let k(p) = 32*p**3 - 8*p**2 + 12*p - 49. Let j(r) = 5*k(r) + 7*m(r). Give j(-6).
-2
Let m(y) be the first derivative of -14*y**2 + 8 + 0*y + 1/12*y**4 - 1/3*y**3. Let g(l) be the second derivative of m(l). Calculate g(-3).
-8
Suppose 145*w = 19*w - 2394. Let d(v) = -v**3 - 19*v**2 - 3*v - 51. What is d(w)?
6
Let d be (4/6)/((-2)/(-3)). Let t be (-6)/5*(68/(-8) - -6). Let p(h) = -h**2 - t*h + 2*h + h - 9*h**2 + 1. Calculate p(d).
-9
Let r(q) be the first derivative of -q**4/4 - 8*q**3/3 + q**2/2 + 5*q + 1066. Let y be (6*(-6)/15)/(9/30). Determine r(y).
-3
Let z(m) be the first derivative of m**4/4 - 5*m**3/3 - 13*m**2/2 + 38*m - 39. Let t be z(3). Let g(h) = h + 19. Calculate g(t).
0
Let u(o) = -232 + 18*o + 21*o + 7*o - 35*o. Let w be u(22). Let h(n) = -3*n - 1. Give h(w).
-31
Let a be 34/(-1) - (1 + 5 - 4). Let l = -44 - a. Let i(q) = -q**3 - 8*q**2 - 4*q - 12. What is i(l)?
20
Let g be 16/(-4)*1/(-2). Let q(x) = 7*x**3 + 4*x - 5. Let c(f) = 38*f**3 + 22*f - 27. Let p(v) = -2*c(v) + 11*q(v). Give p(g).
7
Let g(m) be the second derivative of m**3/6 + m**2/2 + 7*m. Let c = -54 + 57. Let d be 5/((-15)/3)*(-15)/c. Calculate g(d).
6
Let j(b) = 3*b**2 + 29*b - 107. Let a be j(3). Let i(h) = 7*h - 53. What is i(a)?
-4
Let n(i) = 53*i + 5300. Let s be n(-100). Let a(f) = 9*f**2 - 3*f + 18. What is a(s)?
18
Let c = -18 - 10. Let o = -22 - c. Suppose -6 - o = 4*l. Let a(k) = -k**2 - 5*k - 2. Calculate a(l).
4
Let y(u) be the second derivative of -12*u**2 + 0 + 3/4*u**4 - 2*u**3 + 1/20*u**5 - 142*u. Give y(-10).
-4
Suppose -5*f - 1792 + 10042 = 0. Suppose a + 2*h - 850 = -2*h, -2*h - f = -2*a. Let o(m) = -m**3 - 830*m**2 + m + a*m**2. Give o(2).
-6
Let t(j) be the third derivative of j**6/120 + j**5/30 + 3*j**4/8 + 17*j**3/6 + 4*j**2 - 39*j - 4. What is t(-3)?
-19
Suppose 2*c - 13 = -25, -4*c = 4*a + 56. Let x(y) = -y**2 + 23. Give x(a).
-41
Let u(o) be the first derivative of -4*o**3/3 + 4*o**2 - 3*o - 62. Calculate u(4).
-35
Let u(x) = x**3 + 2*x**2 + 8*x + 35. Let c be u(-3). Let o(v) = -47*v + c - 36*v + v**2 + 0*v**2 + 89*v. Give o(-7).
9
Let n(x) be the third derivative of -x**7/840 - x**6/60 - x**4/6 - 11*x**3/6 + 108*x**2. Let w(j) be the first derivative of n(j). Give w(-6).
-4
Let t(h) be the second derivative of -h**3/2 + 3*h**2 - 13189*h. Let o = 12 + -7. What is t(o)?
-9
Let f = 9 - 3. Let u(h) = h**3 - 2*h**2 + 7. Let p be u(3). Suppose 4 = f*r + p. Let v(i) = -i - 3. Calculate v(r).
-1
Let p(b) = -2*b + 2. Let j(o) = -6*o - 10. Let c(h) = 10 - 13 + 5 + h. Let k(v) = -16*c(v) - 3*j(v). Let g(a) = -6*k(a) - 7*p(a). What is g(2)?
2
Suppose 0 = 12*h - 516 - 144. Let r be 46/161 + h*(-4)/(-14). Suppose -18*j + r*j + 2 = 0. Let d(b) = -13*b + 1. Give d(j).
-12
Let k(n) = 301*n - 26*n**2 + 2 + 27*n**2 - 157*n - 151*n - 5. Suppose 9*i = 8*i + 3. Suppose -x - i*x = -24. Give k(x).
-9
Let y(s) = 17*s + 162. Let u = -2938 + 2929. What is y(u)?
9
Let q(f) = f**3 + f - 8. Let p(a) = -2*a + 20. Let c be p(14). Let m be (-114)/c - (-6)/8. Let d = -15 + m. What is q(d)?
-8
Let z(f) = f**2 + 7*f + 12. Suppose -a + 2 + 1 = 0, -2*b + 333 = a. Suppose -5*i - 205 = -b. Calculate z(i).
20
Let q be -4*(((-110)/8 - 8)/3 - -4). Let p(o) = -8*o + 114. Calculate p(q).
10
Suppose -117*w = -96*w - 126. Let c be w/(-39) - 2480/104. Let i(j) = j**3 + 25*j**2 + 25*j + 21. Determine i(c).
-3
Let r(z) = -40*z + 15. Let l(g) = -27*g + 15. Let s(x) = -12*l(x) + 8*r(x). Determine s(17).
8
Let a(w) be the third derivative of w**5/60 - w**4/8 - w**3 + 8*w**2. Suppose f - 3*f = -194. Suppose 0 = -13*g - 19 + f. Give a(g).
12
Let s(p) be the third derivative of p**3 + 0 - 2*p**2 - 1/60*p**5 + 167*p - 1/24*p**4. Give s(0).
6
Let l(b) be the first derivative of -b**3/3 + 23*b**2/2 + 7*b + 461. Suppose -4*p = -0*p - 92. Le